x) = 2*x**3 - 9*x + 11. Let s(v) = -7*h(v) - 4*q(v). Determine s(u).
-5
Let a(b) be the second derivative of -b**5/20 - 11*b**4/12 + 5*b**3/3 - 10*b**2 - 12*b + 24. Calculate a(-12).
4
Let n be ((-41)/(-3)*-2)/((-6)/27). Let k(w) = n - 255 + w + 129. Suppose -4 = 2*o + 2*l, -3*o - 5*l = -2*o + 22. What is k(o)?
0
Let f(x) = -10*x + 20. Let o be f(2). Let z(g) = g + 5*g - g**2 + o*g - 725 + 728. Determine z(6).
3
Let y(t) = t**2 + 5*t - 7. Let q be (0/(-2) + 10)*1. Let m(s) = -2*s + 4. Let f be m(q). Let j be (-93)/(-31)*(1 - f/(-6)). Give y(j).
-7
Let n(t) = 19*t + 585*t**2 + 585*t**2 - 19 + t**3 + 562*t**2 - 1752*t**2. Calculate n(19).
-19
Let j(t) be the second derivative of -t**4/3 + 5*t**3/6 + 5*t**2/2 - 451*t. What is j(-2)?
-21
Let a(k) = k**3 + 4*k**2 + 10*k + 4. Suppose -36306*r = -36302*r + 16. What is a(r)?
-36
Let i(u) = 15*u**2 + 14*u + 26. Let w(v) = 7*v**2 - 6. Let a(m) = i(m) - 2*w(m). Give a(-11).
5
Let o(f) be the second derivative of f**5/20 - f**4/4 - f**3/6 - 15*f**2 - 12050*f. Determine o(5).
15
Let g = -762 + 401. Let p = 361 + g. Let t(d) = d**2 - d + 15. What is t(p)?
15
Let z(b) be the third derivative of -b**4/12 - 9*b**3/2 - 3896*b**2. Give z(-7).
-13
Let u(v) = -3*v**2 - 5*v + 80. Let s be u(-6). Let q(y) be the first derivative of -11 - 1/2*y**s + 0*y - 11/3*y**3. Determine q(-1).
-10
Let w(s) = -315 + 153 + 0*s**2 + 157 + s**2 + 332*s - 329*s. Let n be (1/(-1))/(2/(-4)). Suppose 22 = -4*a + n. Determine w(a).
5
Let s(q) be the first derivative of q**4/4 - 46*q**3/3 + 45*q**2/2 - 14*q - 9996. What is s(45)?
-14
Let r(z) = -55*z - 294 + 6321*z**2 - 3081*z**2 - 3239*z**2. Give r(-5).
6
Suppose 2*c = 3*c - 5*j + 13, -18 = -3*c - 4*j. Let v(y) = 7*y**2 - 3*y**2 + 2 - y**2 - 2*y**c + y. Let s(d) = 2*d**2 + 3*d. Let l be s(-2). What is v(l)?
8
Suppose 2 = 4*w - 2. Suppose -47 - 317 = -28*x. Let l(n) = -50*n + 34*n + 23*n + x*n. What is l(w)?
20
Suppose 17*v - 24 = -24*v + 47*v. Let j(g) = 17*g + 74. Give j(v).
6
Let a(g) be the second derivative of -2/3*g**3 - 26*g - 1 + 3/2*g**2 + 1/3*g**4 + 1/10*g**5. Determine a(-4).
-45
Let n(u) be the first derivative of -4*u**3/3 - 6*u**2 - 10*u + 4155. Give n(-4).
-26
Let z(o) = 1565 - o**2 + 43*o - 35*o - 1577. Calculate z(9).
-21
Suppose -138*f = -143*f. Suppose f = -0*t + 5*t - 30. Let r(z) = z**3 - 5*z**2 - 5*z - 2. What is r(t)?
4
Let j(r) = r - 4. Let o(g) = 3*g - 11. Let d(i) = 11*j(i) - 4*o(i). Let u be 0 - 795/255 - 4/(-34). Calculate d(u).
3
Let q(s) = -16*s - 2. Let n be q(-1). Suppose -31*k - n = -30*k. Let z be (-86)/k - 1/7. Let b(x) = -x**2 + 6*x - 6. Give b(z).
-6
Suppose -f - 6 = 3*o, -5*f = -3*o + 3 - 27. Suppose w = -f*w + 4. Let m(b) = 255*b**3 - 1 - 773*b**3 + 2*b**2 + 260*b**3 + 253*b**3. Calculate m(w).
-4
Let d(k) = -2*k**2 - 16*k + 143. Let t(c) = -c**2 - 8*c + 63. Let q(r) = 4*d(r) - 9*t(r). Determine q(-7).
-2
Let z(g) = -g**2 - 15*g - 45. Suppose 17 = 4*v - 2*f + 49, -5*f - 1 = -v. Let b be z(v). Let u(p) = -p**3 + 10*p**2 - 10*p + 1. Calculate u(b).
-8
Let r(t) be the third derivative of t**5/30 - 5*t**4/6 + 23*t**3/6 - 122*t**2 + 23. What is r(10)?
23
Let g(l) = l**2 + 6*l + 2. Let y(h) = 18*h - 5*h - 5*h - 5 - 2*h**2. Suppose 3*x + 17 - 5 = 0, 5*b - x = 24. Let k be y(b). Give g(k).
-3
Let n(m) = 5*m**3 - 13*m**2 - 7*m + 13. Suppose -5*p = -i + 13, -4*p = 5*i + 8542 - 8549. Determine n(i).
10
Let g(u) be the second derivative of -u**4/6 - u**3 - u**2/2 + 19*u. Let z be (98/35)/2 - 63/(-70)*-6. Give g(z).
-9
Let b(d) be the first derivative of -d**3 - 5*d + 313. Calculate b(3).
-32
Let f be (14 - 0) + (2 - -7) + -15. Let v(q) = -7*q + 35. Give v(f).
-21
Let h(d) = d**2 + 104*d - 659. Let i be h(-110). Let l be (-3)/(-3)*15 + -1. Let a(p) = -3*p**3 - 1 + 3*p**3 - l*p**3. What is a(i)?
-15
Let c be 6/54*42*3. Suppose -c = 5*i + 2*u + 8, -3*u = -5*i - 42. Let o(t) = -t**3 - 5*t**2 + 8*t + 2. Calculate o(i).
-10
Suppose -261 = 9*f + 5994. Let t = f + 690. Let y(i) be the second derivative of i**5/20 + i**4/3 + 5*i**2/2 + i. What is y(t)?
-20
Suppose -5*q = 20, k - q - 17 - 126 = 0. Let b = -139 + k. Let u(z) = -z + 12. Calculate u(b).
12
Let s(c) be the first derivative of c**4/4 - 3*c**3 + 6*c**2 - 4*c - 1638. Give s(8).
28
Let o be -24*(-12)/24 - 9. Let l(x) = 2*x. Let h(z) = -6*z. Let d(w) = -4*h(w) - 11*l(w). Calculate d(o).
6
Let m(j) = 6*j**2 + 2*j - 2. Let r be (-6)/33 + 1800/99. Let q be (1/3)/((-66)/r + 4). Calculate m(q).
6
Let y be 66/(-12) + 6/4. Let v(a) be the third derivative of 0 - 1/120*a**6 - 1/8*a**4 + 1/3*a**3 - 1/12*a**5 + 0*a + 196*a**2. Give v(y).
-2
Let p(u) = 2*u + 10. Let i(l) = 2*l + 10. Let g(v) = -3*v**2 + 21*v + 49. Let b be g(9). Let m(q) = b*i(q) + 6*p(q). Calculate m(-8).
-6
Let a(b) = 12*b + 3*b**2 - 476 + 4*b - 4*b**2 + 2*b + 401. What is a(12)?
-3
Let i(p) = 11*p + 58. Suppose 2*y - 47 = 21*y - 9. Determine i(y).
36
Suppose 4*z = 3*w + 93, 8*w - 9*w + 1 = 4*z. Let c(d) = d**3 + 22*d**2 - 24*d - 30. Calculate c(w).
-7
Let d be 4/(0 - -4) + -4. Let q(l) = -l**2 - l. Let a = 185 - 186. Let t(y) = -y**2 + 3. Let f(w) = a*t(w) + 2*q(w). Determine f(d).
-6
Suppose 58 = -5*l + 4*z, -1918*l + 1919*l - 4*z + 34 = 0. Let p(h) = 4*h + 7*h**2 + h**3 - 3 + 0*h**3 - 1. Calculate p(l).
8
Let t = 12472 + -12483. Let g(p) = -p**3 - 12*p**2 - 3*p. What is g(t)?
-88
Let h(f) be the first derivative of f**4/4 + 7*f**3/3 + 5*f**2/2 + 2375. What is h(-6)?
6
Suppose 0*r - 4*r = 2*w - 12, 0 = 3*w + 4*r - 14. Let b(v) = 2*v + 19. Let x(u) = -13 - 17 - 2*u - 14 + 28. Let t(g) = 5*b(g) + 6*x(g). What is t(w)?
-5
Suppose 5*n + c + 7 = 0, 3*c = -3*n - 5 + 8. Let p(z) = -z**3 + 4*z - 3*z + 2*z**2 + 1 - z**2. Give p(n).
11
Let t(z) = 8*z**3 - 2*z - 1. Let b = 520 + -522. Let x be 3 + ((1 + 9)/b - -1). Determine t(x).
-7
Let f(d) = 2*d - 3. Let j(c) = -c - 1. Let m(s) = -9*s - 5. Let k(o) = 40*j(o) - 5*m(o). Let g(i) = -2*f(i) + k(i). Calculate g(7).
-2
Let t(d) be the second derivative of 7*d**3/3 - 87*d**2 + 1737*d. What is t(12)?
-6
Let x(l) = 8*l - l + 4*l**2 + 0*l + 17 + 2*l. Let n(g) = g**2 + 2*g + 4. Let h = -33 - -24. Let a(c) = h*n(c) + 2*x(c). Determine a(3).
-11
Let h = 34 + -35. Let j(o) be the second derivative of o**6/144 + o**5/120 - o**4/12 + 11*o. Let l(c) be the third derivative of j(c). Determine l(h).
-4
Let s = -277292 - -277288. Let f(h) be the first derivative of h**4/4 + 2*h**3/3 - 5*h**2/2 - 2*h - 1. Give f(s).
-14
Let w(n) = 171*n**2 - 42*n + 51. Let d(z) = -64*z**2 + 14*z - 17. Let k(g) = 8*d(g) + 3*w(g). Give k(11).
-16
Let c(g) = 0*g + g + 6 - 2*g. Let t(p) = 18*p - 1215. Let a be t(68). Calculate c(a).
-3
Let x be -1 - -1 - (40 - 36) - -3. Let r(c) = 12*c + 12. Determine r(x).
0
Let z(w) = w**3 - 5*w**2 + w + 4. Suppose 0 = -116*p + 115*p - 4*k + 4, 2*k = -p + 4. Calculate z(p).
-8
Let a(c) = -5*c**2 + 2*c - 2. Let k(r) = -r**3 - 4*r**2 + 5*r + 14. Let t be k(-4). Let v be 5 + t - (-3 + 0). Give a(v).
-18
Let k(o) = 21 - 12*o**2 + 11*o**2 - 563*o + 547*o. Give k(-17).
4
Let z(d) = 2*d + 3. Let l be z(-4). Let r(o) = 15 - 10 - 5 - 7 - 5*o + 3*o. Determine r(l).
3
Let d(n) = 4*n**2 - 3*n - 5. Let y be d(-2). Let r(a) = -9*a**2 + 10*a - 11. Let p(s) = -25*s**2 + 29*s - 32. Let t(k) = y*r(k) - 6*p(k). What is t(-4)?
-27
Let h(m) = -m**3 + 35*m**2 + 117*m - 114. Let n be h(38). Let v(f) = -f**3 - f**2 + 2*f + 13. What is v(n)?
13
Let f(y) be the second derivative of y**3/6 - 3*y**2 + 2*y. Let a be f(5). Let g(i) be the first derivative of -3*i**3 - i + 3286. Calculate g(a).
-10
Suppose -8*r = -11*r - 11*r. Let q(w) = w + w - 7 + r*w - 3*w - 2*w. Determine q(-2).
-1
Let d(l) be the first derivative of 7*l**2 + 13*l - 5382. Calculate d(-1).
-1
Let w(p) = p**3 - 4*p**2 + 5. Suppose -j + 4*j + 2*n = -293, 2*n - 95 = j. Suppose -2*a + 4*h = 182, -5*h = -3*a + 123 - 401. Let k = j - a. What is w(k)?
5
Let k(g) = 3*g - 22 + 0*g - 2*g. Suppose -1254 = -330*p + 449 + 3247. Give k(p).
-7
Let b(s) = 10*s**2 + 22. Let i(x) = x**2 + 2. Let n(t) = -2*b(t) + 22*i(t). Suppose -262 = -2*a - 264. What is n(a)?
2
Let l(x) = 2*x**3 - 16*x**2 + 7*x + 16. Let z be l(9). Let n(k) = 3 - 119*k - 124*k + z*k. Determine n(3).
-3
Let y = -267 + 273. Let f(n) = -n**2 - 6*n - 6. Let d be f(-3). Let r(z) = 2 + 5 - 2 - y*z**2 - z**d - 3*z + 0*z**3. Give